 12?
True
Is 92 a factor of 92?
True
Is 46 a multiple of 3?
False
Does 11 divide 286?
True
Is 28375 a multiple of 227?
True
Does 82 divide 3839?
False
Is 135 a multiple of 9?
True
Does 15 divide 36783?
False
Is 22230 a multiple of 78?
True
Is 560 a multiple of 40?
True
Is 47 a factor of 17202?
True
Is 8811 a multiple of 24?
False
Is 45 a factor of 8235?
True
Is 174 a multiple of 29?
True
Is 6300 a multiple of 50?
True
Does 10 divide 3294?
False
Is 45737 a multiple of 185?
False
Is 109 a factor of 10791?
True
Does 5 divide 10920?
True
Is 20742 a multiple of 9?
False
Does 69 divide 1518?
True
Is 11 a factor of 6039?
True
Is 537 a multiple of 25?
False
Is 2868 a multiple of 88?
False
Is 10 a factor of 362?
False
Is 98 a multiple of 14?
True
Does 14 divide 21680?
False
Does 116 divide 1972?
True
Is 5330 a multiple of 7?
False
Does 40 divide 669?
False
Is 3 a factor of 253?
False
Is 12 a factor of 1044?
True
Is 29 a factor of 181?
False
Is 12 a factor of 3528?
True
Is 13090 a multiple of 70?
True
Is 40 a factor of 4240?
True
Is 678 a multiple of 6?
True
Is 973 a multiple of 11?
False
Is 25 a factor of 200?
True
Is 16 a factor of 2917?
False
Is 1204 a multiple of 7?
True
Is 146 a factor of 28025?
False
Is 2 a factor of 923?
False
Is 8494 a multiple of 172?
False
Is 48 a factor of 8710?
False
Does 28 divide 5208?
True
Is 21 a factor of 2194?
False
Is 13361 a multiple of 67?
False
Does 42 divide 462?
True
Does 38 divide 3192?
True
Is 9 a factor of 771?
False
Does 31 divide 6696?
True
Is 5 a factor of 60?
True
Is 55896 a multiple of 204?
True
Is 37494 a multiple of 18?
True
Is 4 a factor of 109?
False
Is 252 a factor of 24984?
False
Does 26 divide 21008?
True
Does 52 divide 1040?
True
Is 8 even?
True
Is 42 a factor of 7056?
True
Is 120 a multiple of 4?
True
Is 13569 a multiple of 15?
False
Is 492 a multiple of 5?
False
Is 6 a factor of 2386?
False
Is 54 a multiple of 3?
True
Does 148 divide 80504?
False
Is 1045 a multiple of 86?
False
Is 4 a factor of 144?
True
Does 20 divide 55593?
False
Is 78 a factor of 3198?
True
Does 153 divide 31671?
True
Is 2200 a multiple of 20?
True
Is 319 a factor of 30828?
False
Does 31 divide 2480?
True
Is 13 a factor of 31206?
False
Does 9 divide 6795?
True
Is 69 a factor of 18669?
False
Is 1040 a multiple of 13?
True
Does 11 divide 15763?
True
Is 1561 a multiple of 7?
True
Is 99 a factor of 45837?
True
Is 162 a multiple of 18?
True
Is 1015 a multiple of 5?
True
Does 39 divide 624?
True
Is 593 even?
False
Is 109 a factor of 6213?
True
Is 5144 a multiple of 205?
False
Does 3 divide 146?
False
Is 5434 a multiple of 135?
False
Does 3 divide 4520?
False
Does 4 divide 1019?
False
Is 28 a factor of 1096?
False
Is 95 a factor of 4091?
False
Is 18 a factor of 1100?
False
Is 15145 a multiple of 40?
False
Does 146 divide 58838?
True
Is 18 a factor of 666?
True
Is 5040 a multiple of 10?
True
Does 4 divide 6880?
True
Is 13 a factor of 23808?
False
Is 16435 a multiple of 70?
False
Is 2171 a multiple of 10?
False
Is 14 a factor of 3046?
False
Is 271 a factor of 64327?
False
Is 97 a factor of 8832?
False
Is 92 a factor of 6007?
False
Is 5 a factor of 140?
True
Is 34 a factor of 17952?
True
Is 880 a multiple of 16?
True
Is 6822 a multiple of 9?
True
Is 93958 a multiple of 114?
False
Does 10 divide 4110?
True
Is 8 a factor of 5040?
True
Is 48 a factor of 11027?
False
Is 205 a multiple of 14?
False
Is 17765 a multiple of 6?
False
Does 25 divide 940?
False
Does 25 divide 29200?
True
Is 15 a factor of 71937?
False
Is 1484 a multiple of 28?
True
Is 42206 a multiple of 94?
True
Is 17000 a multiple of 125?
True
Is 67 a factor of 2624?
False
Is 433 a multiple of 25?
False
Is 80 a factor of 60317?
False
Is 754 a multiple of 27?
False
Does 80 divide 1840?
True
Is 6 a factor of 276?
True
Is 11 a factor of 869?
True
Is 5 a factor of 15055?
True
Is 16 a factor of 7242?
False
Does 52 divide 623?
False
Is 19 a factor of 8816?
True
Is 39 a factor of 12519?
True
Is 896 a multiple of 14?
True
Is 8 a factor of 108?
False
Is 67 a factor of 20043?
False
Is 23700 a multiple of 4?
True
Is 84 a factor of 23352?
True
Is 22 a factor of 3542?
True
Is 11 a factor of 29570?
False
Does 110 divide 16610?
True
Is 30 a factor of 930?
True
Does 52 divide 26260?
True
Does 2 divide 406?
True
Is 23 a factor of 5148?
False
Does 53 divide 10000?
False
Is 47 a factor of 4465?
True
Is 19 a factor of 3225?
False
Is 35 a factor of 665?
True
Is 1645 a multiple of 65?
False
Is 27 a factor of 6831?
True
Is 36 a factor of 2144?
False
Is 16 a factor of 13760?
True
Is 25 a factor of 710?
False
Is 21 a factor of 14154?
True
Is 3717 a multiple of 42?
False
Is 2073 a multiple of 45?
False
Is 2 a factor of 323?
False
Is 30 a factor of 240?
True
Is 3051 a multiple of 53?
False
Does 22 divide 133?
False
Does 11 divide 3014?
True
Is 418 a multiple of 38?
True
Is 42 a factor of 5040?
True
Is 35 a factor of 11025?
True
Is 4806 even?
True
Is 298 a multiple of 2?
True
Does 31 divide 102870?
False
Is 9 a factor of 1071?
True
Is 5187 a multiple of 39?
True
Is 436 a multiple of 28?
False
Is 69 a factor of 9037?
False
Is 72 a factor of 1067?
False
Does 263 divide 31823?
True
Is 71 a factor of 115558?
False
Is 103 a factor of 641?
False
Is 18 a factor of 131022?
True
Does 3 divide 50?
False
Does 28 divide 636?
False
Does 224 divide 62048?
True
Is 2944 a multiple of 8?
True
Is 54 a factor of 41772?
False
Is 104 a factor of 1984?
False
Does 5 divide 79?
False
Is 4820 a multiple of 20?
True
Is 39885 a multiple of 122?
False
Is 137 a factor of 13276?
False
Does 32 divide 5248?
True
Does 19 divide 1332?
False
Does 4 divide 462?
False
Does 21 divide 1596?
True
Is 36 a factor of 1080?
True
Does 109 divide 20165?
True
Is 1436 a multiple of 4?
True
Does 19 divide 47613?
False
Does 17 divide 867?
True
Is 3712 a multiple of 116?
True
Is 24 a factor of 710?
False
Does 27 divide 16200?
True
Is 2535 a multiple of 14?
False
Does 93 divide 1302?
True
Is 37 a factor of 9620?
True
Is 11380 a multiple of 14?
False
Is 150 a factor of 39150?
True
Does 42 divide 1022?
False
Is 11792 a multiple of 134?
True
Does 13 divide 312?
True
Is 24 a factor of 2472?
True
Does 12 divide 178?
False
Does 59 divide 1534?
True
Does 39 divide 50115?
True
Is 3 a factor of 2002?
False
Is 4 a factor of 72?
True
Is 91 a factor of 4550?
True
Does 6 divide 195?
False
Is 13912 a multiple of 47?
True
Does 36 divide 986?
False
Is 37 a factor of 222?
True
Does 63 divide 13634?
False
Is 17 a factor of 4777?
True
Is 32 a factor of 640?
True
Does 26 divide 196?
False
Is 17 a factor of 51?
True
Is 50986 a multiple of 13?
True
Is 72 a factor of 21083?
False
Does 34 divide 6974?
False
Does 14 divide 1904?
True
Does 118 divide 77644?
True
Is 7 a factor of 210?
True
Does 3 divide 53?
False
Is 136 a multiple of 11?
False
Is 270 a multiple of 30?
True
Is 37 a factor of 2292?
False
Does 20 divide 2300?
True
Is 15302 a multiple of 30?
False
Does 7 divide 1212?
False
Does 28 divide 2884?
True
Is 6 a factor of 56?
False
Is 4593 a multiple of 41?
False
Is 85 a factor of 340?
True
Does 28 divide 1179?
False
Is 1470 a multiple of 10?
True
Does 42 divide 4298?
False
Does 11 divide 1848?
True
Does 16 divide 15072?
True
Is 305 even?
False
Does 17 divide 8500?
True
Is 283 a multiple of 2?
False
Does 9 divide 4111?
False
Is 9548 a multiple of 5?
False
Is 41 a factor of 5002?
True
Is 59 a factor of 6608?
True
Is 36 a factor of 36?
True
Is 43 a factor of 1548?
True
Is 3550 a multiple of 50?
True
Does 2 divide 1986?
True
Is 17 a factor of 51?
True
Does 18 divide 270?
True
Is 103 a factor of 8705?
False
Does 3 divide 13323?
True
Does 9 divide 7911?
True
Is 75147 a multiple of 111?
True
Is 11009 a multiple of 56?
False
Does 155 divide 5551?
False
Is 1714 a multiple of 164?
False
Does 14 divide 49910?
True
Is 16 a factor of 94736?
True
Is 3671 a multiple of 154?
False
Is 33 a factor of 52888?
False
Is 89 a factor of 3293?
True
Does 107 divide 47294?
True
Is 19 a factor of 13600?
False
Is 50 a factor of 11350?
True
Is 12 a factor of 1296?
True
Is 701 a multiple of 2?
False
Is 15576 a multiple of 50?
False
Is 122 a factor of 7153?
False
Does 4 divide 2203?
False
Does 7 divide 1367?
False
Is 4 a factor of 134?
False
Is 4194 a multiple of 41?
False
Is 23 a factor of 2001?
True
